{"id":74,"date":"2023-10-17T10:21:10","date_gmt":"2023-10-17T07:21:10","guid":{"rendered":"https:\/\/ratakamat.eu\/?post_type=product&#038;p=74"},"modified":"2024-07-28T19:36:22","modified_gmt":"2024-07-28T16:36:22","slug":"paikkatarrakotelo-d-1000","status":"publish","type":"product","link":"https:\/\/ratakamat.eu\/index.php\/product\/paikkatarrakotelo-d-1000\/","title":{"rendered":"Paikkatarrakotelo D-1000"},"content":{"rendered":"<p>Tulostettu paikkatarrakotelo 1000 paikan rullille. Sopii k\u00e4ytett\u00e4v\u00e4ksi ainakin Tarkan ja Eemannin paikkatarrojen kanssa. Koteloon saa k\u00e4tev\u00e4sti kaksi rullaa, jolloin normaalin taulun paikkaaminen valkoisilla ja mustilla paikoilla on merkitt\u00e4v\u00e4sti helpompaa.<\/p>\n","protected":false},"excerpt":{"rendered":"<p>Tulostettu paikkatarrakotelo 1000 paikan rullille. Sopii k\u00e4ytett\u00e4v\u00e4ksi ainakin Tarkan ja Eemannin paikkatarrojen kanssa. Koteloon saa k\u00e4tev\u00e4sti kaksi rullaa, jolloin normaalin taulun paikkaaminen valkoisilla ja mustilla paikoilla on merkitt\u00e4v\u00e4sti helpompaa.<\/p>\n","protected":false},"featured_media":94,"comment_status":"closed","ping_status":"closed","template":"","meta":[],"product_brand":[],"product_cat":[21],"product_tag":[33,34],"class_list":{"0":"post-74","1":"product","2":"type-product","3":"status-publish","4":"has-post-thumbnail","6":"product_cat-paikkatarrakotelot","7":"product_tag-paikkatarrakotelo","8":"product_tag-tappatarrakotelo","9":"product_shipping_class-pienipakketti","11":"first","12":"instock","13":"shipping-taxable","14":"purchasable","15":"product-type-simple"},"jetpack_sharing_enabled":true,"_links":{"self":[{"href":"https:\/\/ratakamat.eu\/index.php\/wp-json\/wp\/v2\/product\/74","targetHints":{"allow":["GET"]}}],"collection":[{"href":"https:\/\/ratakamat.eu\/index.php\/wp-json\/wp\/v2\/product"}],"about":[{"href":"https:\/\/ratakamat.eu\/index.php\/wp-json\/wp\/v2\/types\/product"}],"replies":[{"embeddable":true,"href":"https:\/\/ratakamat.eu\/index.php\/wp-json\/wp\/v2\/comments?post=74"}],"wp:featuredmedia":[{"embeddable":true,"href":"https:\/\/ratakamat.eu\/index.php\/wp-json\/wp\/v2\/media\/94"}],"wp:attachment":[{"href":"https:\/\/ratakamat.eu\/index.php\/wp-json\/wp\/v2\/media?parent=74"}],"wp:term":[{"taxonomy":"product_brand","embeddable":true,"href":"https:\/\/ratakamat.eu\/index.php\/wp-json\/wp\/v2\/product_brand?post=74"},{"taxonomy":"product_cat","embeddable":true,"href":"https:\/\/ratakamat.eu\/index.php\/wp-json\/wp\/v2\/product_cat?post=74"},{"taxonomy":"product_tag","embeddable":true,"href":"https:\/\/ratakamat.eu\/index.php\/wp-json\/wp\/v2\/product_tag?post=74"}],"curies":[{"name":"wp","href":"https:\/\/api.w.org\/{rel}","templated":true}]}}