{"id":135,"date":"2024-10-18T18:48:46","date_gmt":"2024-10-18T15:48:46","guid":{"rendered":"https:\/\/ratakamat.eu\/?post_type=product&#038;p=135"},"modified":"2024-10-18T18:54:14","modified_gmt":"2024-10-18T15:54:14","slug":"revolverin-pikalaturin-teline-sw-38-357mag-k-frame-latureille","status":"publish","type":"product","link":"https:\/\/ratakamat.eu\/index.php\/product\/revolverin-pikalaturin-teline-sw-38-357mag-k-frame-latureille\/","title":{"rendered":"Revolverin pikalaturin teline S&#038;W .38\/.357Mag K-frame latureille"},"content":{"rendered":"<p>Vy\u00f6telineet revolverin pikalatureille, sovitettu S&#038;W .38\/.357Mag K-frame pikalatureille. Asettuu k\u00e4tev\u00e4sti paikoille vy\u00f6lle klipsin avulla ja pikalaturi pysyy tukevasti paikoillaan, kunnes sit\u00e4 vet\u00e4\u00e4 hieman ulosp\u00e4in, jolloin lukitus vapautuu.<\/p>\n","protected":false},"excerpt":{"rendered":"<p>Vy\u00f6telineet revolverin pikalatureille, sovitettu S&#038;W .38\/.357Mag K-frame pikalatureille. Asettuu k\u00e4tev\u00e4sti paikoille vy\u00f6lle klipsin avulla ja pikalaturi pysyy tukevasti paikoillaan, kunnes sit\u00e4 vet\u00e4\u00e4 hieman ulosp\u00e4in, jolloin lukitus vapautuu.<\/p>\n","protected":false},"featured_media":139,"comment_status":"closed","ping_status":"closed","template":"","meta":[],"product_brand":[],"product_cat":[35],"product_tag":[44,43],"class_list":{"0":"post-135","1":"product","2":"type-product","3":"status-publish","4":"has-post-thumbnail","6":"product_cat-ratavarusteet","7":"product_tag-pikalaturiteline","8":"product_tag-speeloader-holder","9":"product_shipping_class-pienipakketti","11":"first","12":"instock","13":"shipping-taxable","14":"purchasable","15":"product-type-simple"},"jetpack_sharing_enabled":true,"_links":{"self":[{"href":"https:\/\/ratakamat.eu\/index.php\/wp-json\/wp\/v2\/product\/135","targetHints":{"allow":["GET"]}}],"collection":[{"href":"https:\/\/ratakamat.eu\/index.php\/wp-json\/wp\/v2\/product"}],"about":[{"href":"https:\/\/ratakamat.eu\/index.php\/wp-json\/wp\/v2\/types\/product"}],"replies":[{"embeddable":true,"href":"https:\/\/ratakamat.eu\/index.php\/wp-json\/wp\/v2\/comments?post=135"}],"wp:featuredmedia":[{"embeddable":true,"href":"https:\/\/ratakamat.eu\/index.php\/wp-json\/wp\/v2\/media\/139"}],"wp:attachment":[{"href":"https:\/\/ratakamat.eu\/index.php\/wp-json\/wp\/v2\/media?parent=135"}],"wp:term":[{"taxonomy":"product_brand","embeddable":true,"href":"https:\/\/ratakamat.eu\/index.php\/wp-json\/wp\/v2\/product_brand?post=135"},{"taxonomy":"product_cat","embeddable":true,"href":"https:\/\/ratakamat.eu\/index.php\/wp-json\/wp\/v2\/product_cat?post=135"},{"taxonomy":"product_tag","embeddable":true,"href":"https:\/\/ratakamat.eu\/index.php\/wp-json\/wp\/v2\/product_tag?post=135"}],"curies":[{"name":"wp","href":"https:\/\/api.w.org\/{rel}","templated":true}]}}